 prime factors of u(s).
17
Let d = 1181 + -616. Suppose 3*m = 3*k - 426, d = 4*k + m - 2*m. What are the prime factors of k/9 - 4/6?
3, 5
Suppose -4*y - z + 29 = -253, y = -2*z + 74. List the prime factors of y.
2, 5, 7
Let h = -4 - -5. Let i be 4 - (h + 0 + 1). Suppose 4 + 1 = z + i*f, -5*z - 4*f = -37. List the prime factors of z.
3
Let z(o) = 6*o**2 - 14*o - 21. List the prime factors of z(-6).
3, 31
Suppose -3*h - 3*s = -207, 0*s = -5*h + 2*s + 373. Suppose 5*f + 0*f - h = 3*k, 0 = -4*k + 16. List the prime factors of f.
17
Let s(d) = d. Let c be s(2). Suppose 0 = -c*x + 5*k + 31, -36 - 26 = -5*x - 3*k. What are the prime factors of x?
13
Suppose -2*s = 2, 2*k - 3 = -2*s - 1. Suppose -3*h = -5*w - 4*h + 56, -k*h = 8. Suppose 2*m - w = -2*p, -4*m + 0*m - 2*p = -30. List the prime factors of m.
3
What are the prime factors of (7/(-3))/((-5)/105)?
7
Let l = -79 - -45. Let v = 73 + l. What are the prime factors of v?
3, 13
Let s(q) = q**2 - 2*q - 2. List the prime factors of s(9).
61
Let y(k) = 49*k**2 - 5. List the prime factors of y(-2).
191
List the prime factors of 33/(-22) + (-173)/(-2).
5, 17
Let q(a) = 8*a**2 + 2*a - 3. What are the prime factors of q(-6)?
3, 7, 13
Let s = -5 - -5. Suppose s = -3*d - 12, -5*c = -3*d - 55 - 27. Suppose 3*l = 41 - c. What are the prime factors of l?
3
Let m be (-4)/3*(-42)/4. Let x be 2/(-4)*(m - 10). List the prime factors of (-24)/16*1*x.
3
Suppose 0 = 5*z + 4*y - 26, -16 = -5*z - 2*y + 2. Suppose 4*q + 2*l = 110, 2*q + z*l = -l + 53. List the prime factors of q.
2, 7
Let p(h) be the third derivative of h**4/24 + h**3/3 + 3*h**2. Let q be p(-10). Let s = 11 + q. List the prime factors of s.
3
Suppose -9*x - 2*d + 625 = -4*x, 0 = d. List the prime factors of x.
5
Let p(w) = -w**2 + w - 1. Let b(u) = 5*u**2 - 16*u + 6. Let i(r) = b(r) + 6*p(r). List the prime factors of i(-8).
2
Suppose -14 = k + 4*a, k - 4*a - 31 = a. Let j(o) = o**3 + o**2 - 5*o - 3. Let y be j(-3). What are the prime factors of (4/k)/((-2)/y)?
2
Let k(c) = -3*c + 2. Let m(w) = 5*w - 4. Let b(j) = -7*k(j) - 4*m(j). Let a be (-6)/(-9) - (-32)/6. List the prime factors of b(a).
2
Let i = 0 + 1. What are the prime factors of ((-2)/(-4))/(i/78)?
3, 13
Let r(a) = 0*a + 4 - 3*a + 4*a. Let w be r(0). Suppose w*c - 35 = 5. List the prime factors of c.
2, 5
Suppose -4*x + 0*x + 108 = 0. What are the prime factors of x?
3
Let r = -1 + -5. Let l = r + 10. Suppose 2*d + 4 = l*d. What are the prime factors of d?
2
Suppose 0 = -5*z + 20 + 400. List the prime factors of z.
2, 3, 7
Let r be 4/(-4) - -1 - -92. Let p = r + -64. List the prime factors of p.
2, 7
Let v = 38 - 19. List the prime factors of v.
19
Let k(b) = -3*b**2 + 0 - 4*b**3 - 5*b - 5 + 2 + 3*b**3. What are the prime factors of k(-4)?
3, 11
Let v(w) = -13*w**2 + w. Let s = 5 + -4. Let h be v(s). Let o = -4 - h. What are the prime factors of o?
2
Suppose 0 = -24*p + 18*p + 1410. List the prime factors of p.
5, 47
Let c = -15 - -17. Suppose 0 = -c*w + 4*z + 72, 2*w + 3*z = 8 + 29. List the prime factors of w.
2, 13
Let s = 192 + -108. Suppose -4*h = -0*h - 36. Suppose 5*k = -h + s. List the prime factors of k.
3, 5
Suppose -21*a = -28*a + 1036. List the prime factors of a.
2, 37
Let i be ((-1)/(0 - -1))/(-1). Suppose -4*v + i + 7 = 0. Suppose 0 = v*x + 2*x - 32. What are the prime factors of x?
2
Let q be 1 + -1 + (-1 - -12). Let o = 10 + -4. Let d = q - o. What are the prime factors of d?
5
Let m(t) = -3*t + 2. Let n(z) = z - 1. Suppose -u = -3*k - 4, u + 3*k + 17 = -k. Let b(g) = u*m(g) - 10*n(g). List the prime factors of b(1).
5
Let p(f) = -4*f**3 + 4*f**2 - 3*f - 8. Let q(y) = 7*y**3 - 9*y**2 + 6*y + 15. Let n(h) = -5*p(h) - 3*q(h). List the prime factors of n(6).
13
What are the prime factors of (30 + 0)*(8 - 5)?
2, 3, 5
Let t(y) = y**2 + y - 28. What are the prime factors of t(-7)?
2, 7
Suppose 3*n - 9 - 36 = 0. List the prime factors of n.
3, 5
Let o be (30/2)/(-2 - -1). Let d = -10 - o. Suppose 4*q - d*q + 7 = 0. What are the prime factors of q?
7
Suppose w - 12 = 4*w. Let a be -15*1*w/5. Let x(n) = n**3 - 13*n**2 + 14*n - 16. List the prime factors of x(a).
2
Let o be (-8)/4*-43 - 0. Let g = o + -52. List the prime factors of g.
2, 17
Let x = -8 + 11. Let h be -1 + -3*(-1)/x. Suppose 0*v + 2*v - 14 = h. List the prime factors of v.
7
Suppose 36 = 4*r - 2*b, -2*b - 3*b = 2*r - 18. What are the prime factors of r?
3
Let n(d) be the first derivative of d**3/3 + 2*d**2 + 5*d - 1. Let f(r) = -r**2 - 7*r - 5. Let x be f(-7). List the prime factors of n(x).
2, 5
Let b be 22/6 - 7/(-21). Suppose -2*m - 28 = 2*v, -3*v - 46 = m + b*m. List the prime factors of (-10)/(-4)*v/(-10).
3
Let j be (-58)/(-10) - (-3)/15. Suppose 0 = j*g - g - 50. What are the prime factors of g?
2, 5
Suppose 48 + 131 = j. List the prime factors of j.
179
Let c(x) = x**2 - 4*x + 5. Let d be c(5). Let r(n) = -n + 6. Let u be r(5). Let k = d - u. List the prime factors of k.
3
Let p = 12 - 10. Suppose 0*f = -p*r - 3*f + 27, -55 = -5*r + 5*f. What are the prime factors of r?
2, 3
List the prime factors of (-152)/(-7) + (-8)/(-28).
2, 11
Let u(l) = -l + 12. Suppose -2*q + 2*g - 8 = 0, 2*g = -5*q - 16 - 11. What are the prime factors of u(q)?
17
List the prime factors of 22*(-2 - -1)*-1.
2, 11
Let w(y) = 26*y - 6. List the prime factors of w(2).
2, 23
Let v(c) = -2*c - 2*c + 5*c - 3. Let p be v(5). Suppose -3*m - 7 = -p*m + 4*l, -5*l - 40 = -5*m. What are the prime factors of m?
5
Let d(t) = -2*t + 2. Let g be d(2). List the prime factors of ((-20)/g - 2) + 3.
11
Let p = -10 + 16. Let b(r) = 5*r + 2. Let u(i) = 6*i + 2. Let y(j) = 4*b(j) - 3*u(j). List the prime factors of y(p).
2, 7
Suppose a = 3*a - 66. Suppose -2*h = h - a. Suppose 15 + h = 2*o. What are the prime factors of o?
13
Let w = -4 - -29. Let z = w + -3. What are the prime factors of z?
2, 11
Let q be (-1)/3*(-30)/5. Let v be -3*(1/1 - q). Suppose -v*j = 3*c - 27, -c - c = -j. What are the prime factors of j?
2, 3
Let q be (-4 - (3 - 4))/(-1). Suppose -a - q*w + 44 = -w, 0 = 3*a + 3*w - 117. List the prime factors of a.
2, 17
Let h = 36 + -19. Suppose 5*k - h = -2. List the prime factors of k.
3
Let f be 7 + (-2 + -3 - -2). Suppose -2 + f = 2*l. What are the prime factors of 8/1 + 1/l?
3
Suppose q + 18 = -2*q. Let t(x) = -2*x + 14. What are the prime factors of t(q)?
2, 13
Let l = -260 + 519. List the prime factors of l.
7, 37
List the prime factors of -10 - -7 - (-1 + -71).
3, 23
Let v(i) = -i**3 - 10*i**2 - 9*i. Let p be v(-9). Suppose -q + 4*q - 4*n - 9 = p, 4*n = 0. Suppose -45 = q*h - 6*h. What are the prime factors of h?
3, 5
Suppose -16 + 53 = j + 2*i, -2*j + i = -59. What are the prime factors of j?
31
Suppose g + g - 148 = 0. List the prime factors of g.
2, 37
Let g = 107 + -16. List the prime factors of g.
7, 13
Let z be -2*(2 + -2 - 3). Suppose 3*c - 8 = 2*j, j + z = 5*c - 12. What are the prime factors of -10*(-2 + j + -1)?
2, 5
Suppose -2*y + 7*y - 3*a = 272, -5*a = 20. List the prime factors of y.
2, 13
Suppose 4*l = -5*l + 927. List the prime factors of l.
103
Suppose 4*w = -2*y - 9 - 19, -w = -2. Let m = y + 28. Suppose 0 = -4*d + 6 + m. List the prime factors of d.
2
Suppose s = -4*j + 3, -j - 19 = -3*j + 3*s. List the prime factors of (-8)/j - -2 - -5.
3
Suppose 8*c - 144 = -c. What are the prime factors of c?
2
What are the prime factors of ((-24)/15)/(5/(-150))?
2, 3
Suppose a = -4*a + 2*z + 190, -4*a = -3*z - 145. Let x = 57 - a. List the prime factors of x.
17
Let r(j) = 1. Let b(u) = 4*u + 7. Let h(o) = -b(o) + 6*r(o). What are the prime factors of h(-1)?
3
Let o be 9*(-104)/(-12)*1. Suppose 5*s + o = 8*s. What are the prime factors of s?
2, 13
Let q(k) = k**3 + 9*k**2 - 2*k - 6. Let w be q(-7). Suppose 5*u - w = 5*f + 34, -u = -4*f - 13. List the prime factors of u.
3, 11
Let h(q) = 2*q - 11. Let r(u) = -u**3 + u**2 + 2*u. Let w(a) = -a**3 + a**2 + a. Let n(f) = 3*r(f) - 4*w(f). Let o be n(2). List the prime factors of h(o).
5
Let s(t) = -t - 6. Let i be s(-9). Suppose a - 5*d - 3 - 16 = 0, 5*d + 18 = 2*a. Let k = i + a. List the prime factors of k.
2
Suppose i = -146 + 368. What are the prime factors of i?
2, 3, 37
List the prime factors of ((-10)/(-4) - 9/18)*112.
2, 7
Let s(b) = -b**3 + b**2 + 3*b - 3. Let u be s(2). Suppose -